f 51 and 4?
1
What is the greatest common factor of 2180 and 1417?
109
What is the greatest common divisor of 27 and 837?
27
Calculate the greatest common divisor of 5610 and 45.
15
Calculate the greatest common factor of 99 and 36.
9
What is the highest common factor of 77 and 38192?
77
Calculate the highest common divisor of 182 and 3458.
182
What is the highest common factor of 15 and 3345?
15
Calculate the highest common factor of 114 and 190.
38
What is the highest common factor of 25 and 10?
5
Calculate the highest common factor of 360 and 13440.
120
What is the greatest common divisor of 150 and 714?
6
Calculate the greatest common divisor of 62 and 837.
31
What is the greatest common factor of 222 and 6?
6
What is the greatest common divisor of 240 and 45?
15
Calculate the greatest common divisor of 14 and 238.
14
Calculate the greatest common divisor of 330 and 66.
66
What is the highest common divisor of 59 and 3127?
59
What is the highest common divisor of 4 and 1654?
2
What is the greatest common factor of 48 and 2864?
16
What is the greatest common factor of 630 and 1530?
90
What is the greatest common factor of 101 and 101?
101
Calculate the greatest common factor of 53 and 41.
1
Calculate the highest common divisor of 72 and 11424.
24
Calculate the greatest common factor of 1475 and 944.
59
Calculate the highest common divisor of 6954 and 244.
122
What is the greatest common divisor of 342 and 38?
38
What is the highest common factor of 567 and 56?
7
What is the highest common factor of 27 and 189?
27
Calculate the greatest common divisor of 135 and 10.
5
Calculate the greatest common factor of 34485 and 66.
33
What is the highest common divisor of 36 and 234?
18
Calculate the greatest common divisor of 2504 and 12.
4
Calculate the greatest common divisor of 1208 and 48.
8
What is the greatest common divisor of 4700 and 705?
235
What is the highest common divisor of 6 and 3?
3
Calculate the greatest common factor of 12582 and 24.
6
Calculate the greatest common divisor of 26176 and 32.
32
Calculate the highest common factor of 152 and 114.
38
Calculate the highest common factor of 24 and 348.
12
Calculate the greatest common divisor of 1813 and 111.
37
Calculate the greatest common divisor of 387 and 86.
43
What is the greatest common factor of 80 and 32?
16
What is the greatest common factor of 16764 and 220?
44
Calculate the highest common factor of 7296 and 4224.
384
What is the highest common factor of 49 and 931?
49
What is the highest common divisor of 364 and 52?
52
What is the highest common factor of 627 and 171?
57
What is the highest common divisor of 10 and 145?
5
Calculate the greatest common divisor of 129 and 13115.
43
What is the greatest common factor of 132 and 1122?
66
Calculate the highest common factor of 148 and 185.
37
Calculate the highest common factor of 9045 and 54.
27
What is the highest common divisor of 12032 and 16?
16
What is the greatest common divisor of 589 and 3131?
31
What is the highest common divisor of 55 and 319?
11
What is the highest common divisor of 84 and 21?
21
Calculate the highest common divisor of 3860 and 100.
20
What is the greatest common factor of 946 and 88?
22
What is the greatest common factor of 27 and 45?
9
Calculate the greatest common divisor of 54 and 242.
2
What is the greatest common divisor of 649 and 22?
11
What is the greatest common divisor of 581 and 83?
83
Calculate the highest common factor of 145 and 5.
5
Calculate the greatest common divisor of 2432 and 128.
128
What is the highest common factor of 84 and 67956?
84
Calculate the highest common divisor of 341 and 11.
11
What is the highest common factor of 217 and 231?
7
Calculate the greatest common factor of 204 and 48.
12
Calculate the greatest common divisor of 1222 and 1118.
26
Calculate the greatest common factor of 728 and 91.
91
Calculate the highest common divisor of 375 and 5.
5
Calculate the highest common divisor of 224 and 98.
14
Calculate the greatest common factor of 87 and 203.
29
Calculate the greatest common factor of 130 and 190.
10
What is the highest common divisor of 2912 and 3808?
224
What is the highest common divisor of 23 and 4163?
23
What is the greatest common divisor of 4 and 248?
4
What is the highest common factor of 297 and 22?
11
What is the greatest common divisor of 1092 and 7?
7
Calculate the greatest common factor of 54 and 39.
3
Calculate the greatest common factor of 530 and 30.
10
Calculate the greatest common divisor of 8 and 332.
4
Calculate the greatest common factor of 1 and 15037.
1
What is the highest common factor of 21 and 21?
21
Calculate the highest common factor of 32 and 144.
16
Calculate the highest common divisor of 864 and 2256.
48
What is the highest common factor of 19 and 1577?
19
What is the highest common divisor of 72 and 1818?
18
Calculate the greatest common factor of 204 and 136.
68
Calculate the highest common factor of 14 and 70.
14
What is the highest common factor of 202 and 707?
101
Calculate the highest common factor of 3249 and 279.
9
What is the highest common factor of 242 and 176?
22
Calculate the highest common factor of 513 and 27.
27
What is the greatest common divisor of 234 and 54?
18
What is the greatest common divisor of 294 and 13426?
98
What is the greatest common divisor of 171 and 279?
9
What is the greatest common divisor of 60 and 108?
12
What is the highest common divisor of 102 and 17?
17
What is the highest common factor of 192 and 15264?
96
What is the highest common factor of 88 and 660?
44
Calculate the highest common divisor of 27 and 243.
27
What is the highest common divisor of 34 and 52666?
34
Calculate the greatest common factor of 6370 and 260.
130
What is the greatest common factor of 69 and 230?
23
What is the highest common factor of 11704 and 38?
38
Calculate the highest common factor of 116 and 2552.
116
What is the highest common factor of 116 and 3596?
116
What is the highest common divisor of 8 and 1448?
8
Calculate the highest common divisor of 10033 and 508.
127
Calculate the greatest common factor of 384 and 2432.
128
Calculate the greatest common factor of 17336 and 88.
88
Calculate the highest common factor of 3630 and 10.
10
Calculate the highest common divisor of 27 and 45.
9
Calculate the highest common factor of 84 and 672.
84
Calculate the greatest common factor of 117 and 637.
13
What is the greatest common factor of 1230 and 1050?
30
Calculate the greatest common factor of 18 and 39078.
18
Calculate the highest common factor of 46 and 2714.
46
Calculate the highest common factor of 72 and 1107.
9
Calculate the highest common divisor of 10730 and 1110.
370
What is the greatest common divisor of 2533 and 34?
17
Calculate the greatest common divisor of 12327 and 21.
21
What is the greatest common divisor of 456 and 108?
12
Calculate the highest common factor of 1387 and 19.
19
Calculate the highest common factor of 68 and 731.
17
What is the greatest common divisor of 6142 and 370?
74
Calculate the greatest common divisor of 35262 and 54.
54
What is the highest common factor of 425 and 102?
17
Calculate the highest common factor of 222 and 78.
6
Calculate the highest common divisor of 230 and 25.
5
Calculate the highest common divisor of 80 and 6320.
80
What is the greatest common factor of 357 and 476?
119
Calculate the highest common factor of 107 and 107.
107
Calculate the greatest common divisor of 652 and 16.
4
Calculate the highest common factor of 404 and 8.
4
Calculate the greatest common factor of 15 and 855.
15
What is the highest common factor of 80 and 224?
16
What is the greatest common divisor of 10 and 195?
5
Calculate the highest common divisor of 208 and 496.
16
Calculate the highest common divisor of 3 and 23.
1
What is the greatest common factor of 10 and 70?
10
Calculate the highest common factor of 826 and 6.
2
Calculate the greatest common divisor of 10585 and 116.
29
Calculate the highest common factor of 4 and 212.
4
Calculate the highest common divisor of 126 and 648.
18
Calculate the highest common divisor of 141 and 15087.
141
What is the highest common factor of 69 and 138?
69
What is the highest common factor of 180 and 20?
20
Calculate the greatest common divi